{"id":23,"date":"2016-05-10T11:56:23","date_gmt":"2016-05-10T11:56:23","guid":{"rendered":"http:\/\/themes.webdevia.com\/factory\/?page_id=20"},"modified":"2023-05-25T14:06:31","modified_gmt":"2023-05-25T18:06:31","slug":"contact","status":"publish","type":"page","link":"https:\/\/desmaraisprotection.com\/index.php\/contact\/","title":{"rendered":"Contact"},"content":{"rendered":"<p>[vc_row css= &raquo;.vc_custom_1463994430217{margin-bottom: 30px !important;} &raquo; type= &raquo;grid &raquo;][vc_column width= &raquo;1\/2&Prime; css= &raquo;.vc_custom_1501267170131{padding-right: 10px !important;padding-left: 10px !important;} &raquo; offset= &raquo;vc_hidden-sm vc_hidden-xs &raquo;][vc_column_text css= &raquo;.vc_custom_1685037562976{margin-top: 30px !important;padding-right: 20px !important;padding-left: 20px !important;} &raquo;]<\/p>\n<h2>SERVICE \u00c0 LA CLIENT\u00c8LE<\/h2>\n<p>Chez D. \u00c9lectronique Protection Inc., notre priorit\u00e9 est de fournir \u00e0 notre client\u00e8le, un service de haute qualit\u00e9.<\/p>\n<p>Des conseillers sauront identifier vos besoins v\u00e9ritables et vous recommander une installation ad\u00e9quate.<\/p>\n<p>Nos techniciens sont aussi disponibles en tout temps pour r\u00e9pondre \u00e0 vos appels d\u2019urgence, et ce, 24 heures sur 24, 7 jours semaine.<\/p>\n<p>Pour rejoindre notre technicien d\u2019urgence :\u00a0<a href=\"tel:+14507429366\">(450) 742-9366<\/a> et suivre les indications.<\/p>\n<h2>HEURES D&rsquo;AFFAIRES<\/h2>\n<p>Lundi au vendredi<br \/>\n8h00 &#8211; 12h00<br \/>\n13h00 &#8211; 17h00<\/p>\n<p>303-B, boulevard Fiset<br \/>\nSorel-Tracy, Qu\u00e9bec<br \/>\nJ3P 3P9<\/p>\n<h2>COURRIELS<\/h2>\n<p>Service \u00e0 la client\u00e8le :<br \/>\n<a href=\"mailto:info@desmaraisprotection.com\">info@desmaraisprotection.com<\/a><\/p>\n<p>Administration et compatibilit\u00e9 :<br \/>\nChantal Cimon : \u00a0<a href=\"mailto:chantal@desmaraisprotection.com\">chantal@desmaraisprotection.com<\/a><\/p>\n<p>Pour une demande de soumission :<br \/>\n<a href=\"mailto:info@desmaraisprotection.com\">info@desmaraisprotection.com<\/a>[\/vc_column_text][\/vc_column][vc_column width= &raquo;1\/2&Prime; css= &raquo;.vc_custom_1501267175204{padding-right: 20px !important;padding-left: 20px !important;} &raquo; offset= &raquo;vc_hidden-sm vc_hidden-xs &raquo;][doors_empty_spaces height_mobile= &raquo;20&Prime; height_tablet= &raquo;25&Prime; height_desktop= &raquo;30&Prime;]<div role=\"form\" class=\"wpcf7\" id=\"wpcf7-f2311-o1\" lang=\"en-US\" dir=\"ltr\">\n<div class=\"screen-reader-response\"><p role=\"status\" aria-live=\"polite\" aria-atomic=\"true\"><\/p> <ul><\/ul><\/div>\n<form action=\"\/index.php\/wp-json\/wp\/v2\/pages\/23#wpcf7-f2311-o1\" method=\"post\" class=\"wpcf7-form init\" novalidate=\"novalidate\" data-status=\"init\">\n<div style=\"display: none;\">\n<input type=\"hidden\" name=\"_wpcf7\" value=\"2311\" \/>\n<input type=\"hidden\" name=\"_wpcf7_version\" value=\"5.4.2\" \/>\n<input type=\"hidden\" name=\"_wpcf7_locale\" value=\"en_US\" \/>\n<input type=\"hidden\" name=\"_wpcf7_unit_tag\" value=\"wpcf7-f2311-o1\" \/>\n<input type=\"hidden\" name=\"_wpcf7_container_post\" value=\"0\" \/>\n<input type=\"hidden\" name=\"_wpcf7_posted_data_hash\" value=\"\" \/>\n<input type=\"hidden\" name=\"_wpcf7_recaptcha_response\" value=\"\" \/>\n<\/div>\n<p>Nom (requis)<br \/>\n    <span class=\"wpcf7-form-control-wrap your-name\"><input type=\"text\" name=\"your-name\" value=\"\" size=\"40\" class=\"wpcf7-form-control wpcf7-text wpcf7-validates-as-required\" aria-required=\"true\" aria-invalid=\"false\" \/><\/span> <\/p>\n<p>Courriel (requis)<br \/>\n    <span class=\"wpcf7-form-control-wrap your-email\"><input type=\"email\" name=\"your-email\" value=\"\" size=\"40\" class=\"wpcf7-form-control wpcf7-text wpcf7-email wpcf7-validates-as-required wpcf7-validates-as-email\" aria-required=\"true\" aria-invalid=\"false\" \/><\/span> <\/p>\n<p>Num\u00e9ro de t\u00e9l\u00e9phone (requis)<br \/>\n    <span class=\"wpcf7-form-control-wrap your-tel\"><input type=\"tel\" name=\"your-tel\" value=\"\" size=\"40\" class=\"wpcf7-form-control wpcf7-text wpcf7-tel wpcf7-validates-as-required wpcf7-validates-as-tel\" aria-required=\"true\" aria-invalid=\"false\" \/><\/span> <\/p>\n<p>Service (requis)<br \/>\n<span class=\"wpcf7-form-control-wrap menu-deroulant\"><select name=\"menu-deroulant\" class=\"wpcf7-form-control wpcf7-select wpcf7-validates-as-required menu-deroulant\" aria-required=\"true\" aria-invalid=\"false\"><option value=\"Intrusion\">Intrusion<\/option><option value=\"Services Interactifs\">Services Interactifs<\/option><option value=\"Incendie\">Incendie<\/option><option value=\"Cam\u00e9ras de surveillance\">Cam\u00e9ras de surveillance<\/option><option value=\"Central de t\u00e9l\u00e9surveillance\">Central de t\u00e9l\u00e9surveillance<\/option><option value=\"Appel d&#039;urgence\">Appel d&#039;urgence<\/option><option value=\"Contr\u00f4le des Acc\u00e8s\">Contr\u00f4le des Acc\u00e8s<\/option><option value=\"Intercommunication\">Intercommunication<\/option><option value=\"R\u00e9seautique\">R\u00e9seautique<\/option><option value=\"Sonorisation commerciale\">Sonorisation commerciale<\/option><option value=\"Sonorisation r\u00e9sidentielle\">Sonorisation r\u00e9sidentielle<\/option><option value=\"Domotique\">Domotique<\/option><option value=\"Autre\">Autre<\/option><\/select><\/span><\/p>\n<p>Message <br \/>\n    <span class=\"wpcf7-form-control-wrap your-message\"><textarea name=\"your-message\" cols=\"40\" rows=\"3\" class=\"wpcf7-form-control wpcf7-textarea\" aria-invalid=\"false\"><\/textarea><\/span> <\/p>\n\n<p><\/p>\n<p><input type=\"submit\" value=\"Envoyer\" class=\"wpcf7-form-control wpcf7-submit button\" \/><\/p>\n<p>[bws_google_captcha]<\/p>\n<div class=\"wpcf7-response-output\" aria-hidden=\"true\"><\/div><\/form><\/div>[\/vc_column][\/vc_row][vc_row][vc_column width= &raquo;1\/2&Prime; offset= &raquo;vc_hidden-lg vc_hidden-md &raquo; css= &raquo;.vc_custom_1501268241131{padding-right: 10px !important;padding-left: 10px !important;} &raquo;]<div role=\"form\" class=\"wpcf7\" id=\"wpcf7-f2311-o2\" lang=\"en-US\" dir=\"ltr\">\n<div class=\"screen-reader-response\"><p role=\"status\" aria-live=\"polite\" aria-atomic=\"true\"><\/p> <ul><\/ul><\/div>\n<form action=\"\/index.php\/wp-json\/wp\/v2\/pages\/23#wpcf7-f2311-o2\" method=\"post\" class=\"wpcf7-form init\" novalidate=\"novalidate\" data-status=\"init\">\n<div style=\"display: none;\">\n<input type=\"hidden\" name=\"_wpcf7\" value=\"2311\" \/>\n<input type=\"hidden\" name=\"_wpcf7_version\" value=\"5.4.2\" \/>\n<input type=\"hidden\" name=\"_wpcf7_locale\" value=\"en_US\" \/>\n<input type=\"hidden\" name=\"_wpcf7_unit_tag\" value=\"wpcf7-f2311-o2\" \/>\n<input type=\"hidden\" name=\"_wpcf7_container_post\" value=\"0\" \/>\n<input type=\"hidden\" name=\"_wpcf7_posted_data_hash\" value=\"\" \/>\n<input type=\"hidden\" name=\"_wpcf7_recaptcha_response\" value=\"\" \/>\n<\/div>\n<p>Nom (requis)<br \/>\n    <span class=\"wpcf7-form-control-wrap your-name\"><input type=\"text\" name=\"your-name\" value=\"\" size=\"40\" class=\"wpcf7-form-control wpcf7-text wpcf7-validates-as-required\" aria-required=\"true\" aria-invalid=\"false\" \/><\/span> <\/p>\n<p>Courriel (requis)<br \/>\n    <span class=\"wpcf7-form-control-wrap your-email\"><input type=\"email\" name=\"your-email\" value=\"\" size=\"40\" class=\"wpcf7-form-control wpcf7-text wpcf7-email wpcf7-validates-as-required wpcf7-validates-as-email\" aria-required=\"true\" aria-invalid=\"false\" \/><\/span> <\/p>\n<p>Num\u00e9ro de t\u00e9l\u00e9phone (requis)<br \/>\n    <span class=\"wpcf7-form-control-wrap your-tel\"><input type=\"tel\" name=\"your-tel\" value=\"\" size=\"40\" class=\"wpcf7-form-control wpcf7-text wpcf7-tel wpcf7-validates-as-required wpcf7-validates-as-tel\" aria-required=\"true\" aria-invalid=\"false\" \/><\/span> <\/p>\n<p>Service (requis)<br \/>\n<span class=\"wpcf7-form-control-wrap menu-deroulant\"><select name=\"menu-deroulant\" class=\"wpcf7-form-control wpcf7-select wpcf7-validates-as-required menu-deroulant\" aria-required=\"true\" aria-invalid=\"false\"><option value=\"Intrusion\">Intrusion<\/option><option value=\"Services Interactifs\">Services Interactifs<\/option><option value=\"Incendie\">Incendie<\/option><option value=\"Cam\u00e9ras de surveillance\">Cam\u00e9ras de surveillance<\/option><option value=\"Central de t\u00e9l\u00e9surveillance\">Central de t\u00e9l\u00e9surveillance<\/option><option value=\"Appel d&#039;urgence\">Appel d&#039;urgence<\/option><option value=\"Contr\u00f4le des Acc\u00e8s\">Contr\u00f4le des Acc\u00e8s<\/option><option value=\"Intercommunication\">Intercommunication<\/option><option value=\"R\u00e9seautique\">R\u00e9seautique<\/option><option value=\"Sonorisation commerciale\">Sonorisation commerciale<\/option><option value=\"Sonorisation r\u00e9sidentielle\">Sonorisation r\u00e9sidentielle<\/option><option value=\"Domotique\">Domotique<\/option><option value=\"Autre\">Autre<\/option><\/select><\/span><\/p>\n<p>Message <br \/>\n    <span class=\"wpcf7-form-control-wrap your-message\"><textarea name=\"your-message\" cols=\"40\" rows=\"3\" class=\"wpcf7-form-control wpcf7-textarea\" aria-invalid=\"false\"><\/textarea><\/span> <\/p>\n\n<p><\/p>\n<p><input type=\"submit\" value=\"Envoyer\" class=\"wpcf7-form-control wpcf7-submit button\" \/><\/p>\n<p>[bws_google_captcha]<\/p>\n<div class=\"wpcf7-response-output\" aria-hidden=\"true\"><\/div><\/form><\/div>[\/vc_column][vc_column width= &raquo;1\/2&Prime; offset= &raquo;vc_hidden-lg vc_hidden-md &raquo;][vc_column_text css= &raquo;.vc_custom_1508857684944{margin-top: 30px !important;padding-right: 20px !important;padding-left: 20px !important;} &raquo;]<\/p>\n<h2>Service \u00e0 la client\u00e8le<\/h2>\n<p>Chez Desmarais Protection \u00c9lectronique, notre priorit\u00e9 est de fournir \u00e0 notre client\u00e8le,<br \/>\nun service de haute qualit\u00e9.<\/p>\n<p>Des conseillers sauront identifier vos besoins v\u00e9ritables et vous recommander une installation ad\u00e9quate.<\/p>\n<p>Nos techniciens sont aussi disponibles en tout temps pour r\u00e9pondre \u00e0 vos appels d\u2019urgence, et ce, 24 heures sur 24, 7 jours semaine.<br \/>\nPour rejoindre notre technicien d\u2019urgence :\u00a0<a href=\"tel:+14507429366\">(450) 742-9366<\/a> et suivre les indications.<\/p>\n<h2>Heures d&rsquo;affaires<\/h2>\n<p>Lundi au Vendredi, de 8h30 \u00e0 17h30<\/p>\n<p>303 B, boul. Fiset<br \/>\nSorel-Tracy, Qu\u00e9bec<br \/>\nJ3P 3P9<\/p>\n<h2>Courriels<\/h2>\n<p>Service \u00e0 la client\u00e8le :<br \/>\n<a href=\"mailto:info@desmaraisprotection.com\">info@desmaraisprotection.com<\/a><\/p>\n<p>Administration et compatibilit\u00e9 :<br \/>\nChantal Cimon : \u00a0<a href=\"mailto:chantal@desmaraisprotection.com\">chantal@desmaraisprotection.com<\/a><\/p>\n<p>Pour une demande de soumission :<br \/>\n<a href=\"mailto:info@desmaraisprotection.com\">info@desmaraisprotection.com<\/a>[\/vc_column_text][\/vc_column][\/vc_row][vc_row css= &raquo;.vc_custom_1463004187491{margin-top: 50px !important;margin-bottom: 50px !important;} &raquo;][vc_column][vc_gmaps link= &raquo;#E-8_JTNDaWZyYW1lJTIwc3JjJTNEJTIyaHR0cHMlM0ElMkYlMkZ3d3cuZ29vZ2xlLmNvbSUyRm1hcHMlMkZlbWJlZCUzRnBiJTNEJTIxMW0xOCUyMTFtMTIlMjExbTMlMjExZDI3NjkuNjI0Nzc2NDE1NzUyNCUyMTJkLTczLjA5OTAzNTY4NDA0OTY3JTIxM2Q0Ni4wMzg2MzQ5NzkxMTIwOCUyMTJtMyUyMTFmMCUyMTJmMCUyMTNmMCUyMTNtMiUyMTFpMTAyNCUyMTJpNzY4JTIxNGYxMy4xJTIxM20zJTIxMW0yJTIxMXMweDRjYzg4NThkNWNjYzA4OTUlMjUzQTB4NjJmMzFiNTM3MGJlNzA2ZiUyMTJzMzAzJTJCQiUyQkJvdWxldmFyZCUyQkZpc2V0JTI1MkMlMkJTb3JlbC1UcmFjeSUyNTJDJTJCUUMlMkJKM1AlMkIzUDklMjE1ZTAlMjEzbTIlMjExc2ZyJTIxMnNjYSUyMTR2MTUwMTAxMzcxOTMxMiUyMiUyMHdpZHRoJTNEJTIyNjAwJTIyJTIwaGVpZ2h0JTNEJTIyNDUwJTIyJTIwZnJhbWVib3JkZXIlM0QlMjIwJTIyJTIwc3R5bGUlM0QlMjJib3JkZXIlM0EwJTIyJTIwYWxsb3dmdWxsc2NyZWVuJTNFJTNDJTJGaWZyYW1lJTNF &raquo;][\/vc_column][\/vc_row]<\/p>\n","protected":false},"excerpt":{"rendered":"<p>[vc_row css= &raquo;.vc_custom_1463994430217{margin-bottom: 30px !important;} &raquo; type= &raquo;grid &raquo;][vc_column width= &raquo;1\/2&Prime; css= &raquo;.vc_custom_1501267170131{padding-right: 10px !important;padding-left: 10px !important;} &raquo; offset= &raquo;vc_hidden-sm vc_hidden-xs &raquo;][vc_column_text css= &raquo;.vc_custom_1685037562976{margin-top: 30px !important;padding-right: 20px !important;padding-left: 20px !important;} &raquo;] SERVICE \u00c0 LA CLIENT\u00c8LE Chez D. \u00c9lectronique Protection Inc., notre priorit\u00e9 est de fournir \u00e0 notre client\u00e8le, un service de haute qualit\u00e9. Des conseillers [&hellip;]<\/p>\n","protected":false},"author":1,"featured_media":0,"parent":0,"menu_order":0,"comment_status":"closed","ping_status":"closed","template":"","meta":[],"yoast_head":"<!-- This site is optimized with the Yoast SEO plugin v17.1 - https:\/\/yoast.com\/wordpress\/plugins\/seo\/ -->\n<title>Contact - Desmarais Protection \u00c9lectronique<\/title>\n<meta name=\"robots\" content=\"index, follow, max-snippet:-1, max-image-preview:large, max-video-preview:-1\" \/>\n<link rel=\"canonical\" href=\"https:\/\/desmaraisprotection.com\/index.php\/contact\/\" \/>\n<meta property=\"og:locale\" content=\"fr_CA\" \/>\n<meta property=\"og:type\" content=\"article\" \/>\n<meta property=\"og:title\" content=\"Contact - Desmarais Protection \u00c9lectronique\" \/>\n<meta property=\"og:description\" content=\"[vc_row css= &raquo;.vc_custom_1463994430217{margin-bottom: 30px !important;} &raquo; type= &raquo;grid &raquo;][vc_column width= &raquo;1\/2&Prime; css= &raquo;.vc_custom_1501267170131{padding-right: 10px !important;padding-left: 10px !important;} &raquo; offset= &raquo;vc_hidden-sm vc_hidden-xs &raquo;][vc_column_text css= &raquo;.vc_custom_1685037562976{margin-top: 30px !important;padding-right: 20px !important;padding-left: 20px !important;} &raquo;] SERVICE \u00c0 LA CLIENT\u00c8LE Chez D. \u00c9lectronique Protection Inc., notre priorit\u00e9 est de fournir \u00e0 notre client\u00e8le, un service de haute qualit\u00e9. Des conseillers [&hellip;]\" \/>\n<meta property=\"og:url\" content=\"https:\/\/desmaraisprotection.com\/index.php\/contact\/\" \/>\n<meta property=\"og:site_name\" content=\"Desmarais Protection \u00c9lectronique\" \/>\n<meta property=\"article:modified_time\" content=\"2023-05-25T18:06:31+00:00\" \/>\n<meta name=\"twitter:card\" content=\"summary_large_image\" \/>\n<meta name=\"twitter:label1\" content=\"Estimation du temps de lecture\" \/>\n\t<meta name=\"twitter:data1\" content=\"2 minutes\" \/>\n<script type=\"application\/ld+json\" class=\"yoast-schema-graph\">{\"@context\":\"https:\/\/schema.org\",\"@graph\":[{\"@type\":\"WebSite\",\"@id\":\"https:\/\/desmaraisprotection.com\/#website\",\"url\":\"https:\/\/desmaraisprotection.com\/\",\"name\":\"Desmarais Protection \\u00c9lectronique\",\"description\":\"\",\"potentialAction\":[{\"@type\":\"SearchAction\",\"target\":{\"@type\":\"EntryPoint\",\"urlTemplate\":\"https:\/\/desmaraisprotection.com\/?s={search_term_string}\"},\"query-input\":\"required name=search_term_string\"}],\"inLanguage\":\"fr-CA\"},{\"@type\":\"WebPage\",\"@id\":\"https:\/\/desmaraisprotection.com\/index.php\/contact\/#webpage\",\"url\":\"https:\/\/desmaraisprotection.com\/index.php\/contact\/\",\"name\":\"Contact - Desmarais Protection \\u00c9lectronique\",\"isPartOf\":{\"@id\":\"https:\/\/desmaraisprotection.com\/#website\"},\"datePublished\":\"2016-05-10T11:56:23+00:00\",\"dateModified\":\"2023-05-25T18:06:31+00:00\",\"breadcrumb\":{\"@id\":\"https:\/\/desmaraisprotection.com\/index.php\/contact\/#breadcrumb\"},\"inLanguage\":\"fr-CA\",\"potentialAction\":[{\"@type\":\"ReadAction\",\"target\":[\"https:\/\/desmaraisprotection.com\/index.php\/contact\/\"]}]},{\"@type\":\"BreadcrumbList\",\"@id\":\"https:\/\/desmaraisprotection.com\/index.php\/contact\/#breadcrumb\",\"itemListElement\":[{\"@type\":\"ListItem\",\"position\":1,\"name\":\"Accueil\",\"item\":\"https:\/\/www.desmaraisprotection.com\/\"},{\"@type\":\"ListItem\",\"position\":2,\"name\":\"Contact\"}]}]}<\/script>\n<!-- \/ Yoast SEO plugin. -->","yoast_head_json":{"title":"Contact - Desmarais Protection \u00c9lectronique","robots":{"index":"index","follow":"follow","max-snippet":"max-snippet:-1","max-image-preview":"max-image-preview:large","max-video-preview":"max-video-preview:-1"},"canonical":"https:\/\/desmaraisprotection.com\/index.php\/contact\/","og_locale":"fr_CA","og_type":"article","og_title":"Contact - Desmarais Protection \u00c9lectronique","og_description":"[vc_row css= &raquo;.vc_custom_1463994430217{margin-bottom: 30px !important;} &raquo; type= &raquo;grid &raquo;][vc_column width= &raquo;1\/2&Prime; css= &raquo;.vc_custom_1501267170131{padding-right: 10px !important;padding-left: 10px !important;} &raquo; offset= &raquo;vc_hidden-sm vc_hidden-xs &raquo;][vc_column_text css= &raquo;.vc_custom_1685037562976{margin-top: 30px !important;padding-right: 20px !important;padding-left: 20px !important;} &raquo;] SERVICE \u00c0 LA CLIENT\u00c8LE Chez D. \u00c9lectronique Protection Inc., notre priorit\u00e9 est de fournir \u00e0 notre client\u00e8le, un service de haute qualit\u00e9. Des conseillers [&hellip;]","og_url":"https:\/\/desmaraisprotection.com\/index.php\/contact\/","og_site_name":"Desmarais Protection \u00c9lectronique","article_modified_time":"2023-05-25T18:06:31+00:00","twitter_card":"summary_large_image","twitter_misc":{"Estimation du temps de lecture":"2 minutes"},"schema":{"@context":"https:\/\/schema.org","@graph":[{"@type":"WebSite","@id":"https:\/\/desmaraisprotection.com\/#website","url":"https:\/\/desmaraisprotection.com\/","name":"Desmarais Protection \u00c9lectronique","description":"","potentialAction":[{"@type":"SearchAction","target":{"@type":"EntryPoint","urlTemplate":"https:\/\/desmaraisprotection.com\/?s={search_term_string}"},"query-input":"required name=search_term_string"}],"inLanguage":"fr-CA"},{"@type":"WebPage","@id":"https:\/\/desmaraisprotection.com\/index.php\/contact\/#webpage","url":"https:\/\/desmaraisprotection.com\/index.php\/contact\/","name":"Contact - Desmarais Protection \u00c9lectronique","isPartOf":{"@id":"https:\/\/desmaraisprotection.com\/#website"},"datePublished":"2016-05-10T11:56:23+00:00","dateModified":"2023-05-25T18:06:31+00:00","breadcrumb":{"@id":"https:\/\/desmaraisprotection.com\/index.php\/contact\/#breadcrumb"},"inLanguage":"fr-CA","potentialAction":[{"@type":"ReadAction","target":["https:\/\/desmaraisprotection.com\/index.php\/contact\/"]}]},{"@type":"BreadcrumbList","@id":"https:\/\/desmaraisprotection.com\/index.php\/contact\/#breadcrumb","itemListElement":[{"@type":"ListItem","position":1,"name":"Accueil","item":"https:\/\/www.desmaraisprotection.com\/"},{"@type":"ListItem","position":2,"name":"Contact"}]}]}},"_links":{"self":[{"href":"https:\/\/desmaraisprotection.com\/index.php\/wp-json\/wp\/v2\/pages\/23"}],"collection":[{"href":"https:\/\/desmaraisprotection.com\/index.php\/wp-json\/wp\/v2\/pages"}],"about":[{"href":"https:\/\/desmaraisprotection.com\/index.php\/wp-json\/wp\/v2\/types\/page"}],"author":[{"embeddable":true,"href":"https:\/\/desmaraisprotection.com\/index.php\/wp-json\/wp\/v2\/users\/1"}],"replies":[{"embeddable":true,"href":"https:\/\/desmaraisprotection.com\/index.php\/wp-json\/wp\/v2\/comments?post=23"}],"version-history":[{"count":34,"href":"https:\/\/desmaraisprotection.com\/index.php\/wp-json\/wp\/v2\/pages\/23\/revisions"}],"predecessor-version":[{"id":3738,"href":"https:\/\/desmaraisprotection.com\/index.php\/wp-json\/wp\/v2\/pages\/23\/revisions\/3738"}],"wp:attachment":[{"href":"https:\/\/desmaraisprotection.com\/index.php\/wp-json\/wp\/v2\/media?parent=23"}],"curies":[{"name":"wp","href":"https:\/\/api.w.org\/{rel}","templated":true}]}}